{"id":8,"date":"2016-02-02T17:02:14","date_gmt":"2016-02-02T16:02:14","guid":{"rendered":"http:\/\/jardindeplumes.fr\/wp\/?post_type=product&#038;p=8"},"modified":"2022-12-03T09:08:51","modified_gmt":"2022-12-03T08:08:51","slug":"poulet-gascon","status":"publish","type":"product","link":"https:\/\/jardindeplumes.fr\/wp\/produit\/poulet-gascon\/","title":{"rendered":"Poulet fermier Gascon 150-180j (\u20ac\/kg)"},"content":{"rendered":"<p>Poulets de race gasconne, vous goutterez <b>la vraie poule au pot d&#8217;Henry IV<\/b> qui est un petit poulet (entre 1kg et 1,5kg) de chair ros\u00e9e\/brune qui selon ma grand m\u00e8re est &#8220;savoureuse et go\u00fbteuse&#8221;.<\/p>\n<p>Pr\u00e9voyez une cuisson un peu plus longue car la course \u00e0 pied raffermi les muscles des cuisses \ud83d\ude09<br \/>\nEnviron 15 min de plus au four et 5-10 min de plus en autocuiseur.<\/p>\n<p>Race ancienne \u00e0 croissance lente : <strong>5-6 mois contre 3 mois pour du poulet label rouge<\/strong>.<br \/>\nElevage en <strong>plein air int\u00e9gral<\/strong> et toute l&#8217;ann\u00e9e (ils ont quand une cabane pour s&#8217;abriter !)<br \/>\nAlimentation : herbe, c\u00e9r\u00e9ales sans OGM et pain rassi<\/p>\n","protected":false},"excerpt":{"rendered":"<p>La vraie poule au pot d&#8217;Henry IV, \u00e9lev\u00e9 5-6 mois en plein air int\u00e9gral<\/p>\n","protected":false},"featured_media":9,"template":"","meta":{"jetpack_post_was_ever_published":false,"jetpack_publicize_message":"","jetpack_publicize_feature_enabled":true,"jetpack_social_post_already_shared":true,"jetpack_social_options":{"image_generator_settings":{"template":"highway","default_image_id":0,"font":"","enabled":false},"version":2}},"product_brand":[],"product_cat":[11],"product_tag":[],"class_list":{"0":"post-8","1":"product","2":"type-product","3":"status-publish","4":"has-post-thumbnail","6":"product_cat-volailles-et-oeufs","8":"first","9":"outofstock","10":"taxable","11":"shipping-taxable","12":"purchasable","13":"product-type-simple"},"jetpack_publicize_connections":[],"jetpack_sharing_enabled":true,"jetpack-related-posts":[{"id":1315,"url":"https:\/\/jardindeplumes.fr\/wp\/produit\/coquelet-fermier-05-1kg-ekg\/","url_meta":{"origin":8,"position":0},"title":"Coquelet fermier &#8211; 0,5\/1kg (\u20ac\/kg)","author":"Olivier","date":"25 mars 2017","format":false,"excerpt":"La vraie poule au pot d'Henry IV, \u00e9lev\u00e9 en plein air int\u00e9gral","rel":"","context":"Article similaire","block_context":{"text":"Article similaire","link":""},"img":{"alt_text":"","src":"https:\/\/i0.wp.com\/jardindeplumes.fr\/wp\/wp-content\/uploads\/2016\/02\/P1060508_decoupe_v1.jpg?fit=640%2C358&ssl=1&resize=350%2C200","width":350,"height":200,"srcset":"https:\/\/i0.wp.com\/jardindeplumes.fr\/wp\/wp-content\/uploads\/2016\/02\/P1060508_decoupe_v1.jpg?fit=640%2C358&ssl=1&resize=350%2C200 1x, https:\/\/i0.wp.com\/jardindeplumes.fr\/wp\/wp-content\/uploads\/2016\/02\/P1060508_decoupe_v1.jpg?fit=640%2C358&ssl=1&resize=525%2C300 1.5x"},"classes":[]},{"id":2042,"url":"https:\/\/jardindeplumes.fr\/wp\/produit\/poule-au-pot-ekg\/","url_meta":{"origin":8,"position":1},"title":"Poule au pot &#8211; Gasconne (\u20ac\/kg)","author":"Olivier","date":"15 septembre 2017","format":false,"excerpt":"La vraie poule au pot d'Henry IV, \u00e9lev\u00e9 en plein air int\u00e9gral","rel":"","context":"Article similaire","block_context":{"text":"Article similaire","link":""},"img":{"alt_text":"","src":"https:\/\/i0.wp.com\/jardindeplumes.fr\/wp\/wp-content\/uploads\/2017\/09\/IMG_20170810_201724585_HDR-e1505488664570.jpg?fit=743%2C1200&ssl=1&resize=350%2C200","width":350,"height":200,"srcset":"https:\/\/i0.wp.com\/jardindeplumes.fr\/wp\/wp-content\/uploads\/2017\/09\/IMG_20170810_201724585_HDR-e1505488664570.jpg?fit=743%2C1200&ssl=1&resize=350%2C200 1x, https:\/\/i0.wp.com\/jardindeplumes.fr\/wp\/wp-content\/uploads\/2017\/09\/IMG_20170810_201724585_HDR-e1505488664570.jpg?fit=743%2C1200&ssl=1&resize=525%2C300 1.5x, https:\/\/i0.wp.com\/jardindeplumes.fr\/wp\/wp-content\/uploads\/2017\/09\/IMG_20170810_201724585_HDR-e1505488664570.jpg?fit=743%2C1200&ssl=1&resize=700%2C400 2x"},"classes":[]},{"id":8402,"url":"https:\/\/jardindeplumes.fr\/wp\/produit\/poule-au-pot-coucou-de-rennes-e-kg\/","url_meta":{"origin":8,"position":2},"title":"Poule au pot &#8211; Coucou de Rennes (\u20ac\/kg)","author":"Olivier","date":"4 novembre 2021","format":false,"excerpt":"La vraie poule au pot d'Henry IV, \u00e9lev\u00e9 en plein air int\u00e9gral","rel":"","context":"Article similaire","block_context":{"text":"Article similaire","link":""},"img":{"alt_text":"","src":"https:\/\/i0.wp.com\/jardindeplumes.fr\/wp\/wp-content\/uploads\/2021\/11\/Poule_coucou_de_Rennes-1.jpg?fit=1200%2C800&ssl=1&resize=350%2C200","width":350,"height":200,"srcset":"https:\/\/i0.wp.com\/jardindeplumes.fr\/wp\/wp-content\/uploads\/2021\/11\/Poule_coucou_de_Rennes-1.jpg?fit=1200%2C800&ssl=1&resize=350%2C200 1x, https:\/\/i0.wp.com\/jardindeplumes.fr\/wp\/wp-content\/uploads\/2021\/11\/Poule_coucou_de_Rennes-1.jpg?fit=1200%2C800&ssl=1&resize=525%2C300 1.5x, https:\/\/i0.wp.com\/jardindeplumes.fr\/wp\/wp-content\/uploads\/2021\/11\/Poule_coucou_de_Rennes-1.jpg?fit=1200%2C800&ssl=1&resize=700%2C400 2x, https:\/\/i0.wp.com\/jardindeplumes.fr\/wp\/wp-content\/uploads\/2021\/11\/Poule_coucou_de_Rennes-1.jpg?fit=1200%2C800&ssl=1&resize=1050%2C600 3x"},"classes":[]},{"id":3733,"url":"https:\/\/jardindeplumes.fr\/wp\/produit\/poule-de-race-gasconne-prete-a-pondre\/","url_meta":{"origin":8,"position":3},"title":"Poule de race Coucou de Rennes (pr\u00eate \u00e0 pondre)","author":"Olivier","date":"18 janvier 2019","format":false,"excerpt":"\u00c9levage en semi libert\u00e9. Les animaux sont dehors toute l'ann\u00e9e. La race est rustique et plus lourde que la Gasconne. Elle convient mieux pour un \u00e9levage en poulailler classique cl\u00f4tur\u00e9. Les poulettes vendues sont dites \"pr\u00eate \u00e0 pondre\" car elles ont entre 5 et 7 mois. Certaines peuvent d\u00e9j\u00e0 pondre,\u2026","rel":"","context":"Article similaire","block_context":{"text":"Article similaire","link":""},"img":{"alt_text":"","src":"https:\/\/i0.wp.com\/jardindeplumes.fr\/wp\/wp-content\/uploads\/2020\/08\/Coq_coucou_de_Rennes-2-scaled-e1597327041412.jpg?fit=1200%2C1143&ssl=1&resize=350%2C200","width":350,"height":200,"srcset":"https:\/\/i0.wp.com\/jardindeplumes.fr\/wp\/wp-content\/uploads\/2020\/08\/Coq_coucou_de_Rennes-2-scaled-e1597327041412.jpg?fit=1200%2C1143&ssl=1&resize=350%2C200 1x, https:\/\/i0.wp.com\/jardindeplumes.fr\/wp\/wp-content\/uploads\/2020\/08\/Coq_coucou_de_Rennes-2-scaled-e1597327041412.jpg?fit=1200%2C1143&ssl=1&resize=525%2C300 1.5x, https:\/\/i0.wp.com\/jardindeplumes.fr\/wp\/wp-content\/uploads\/2020\/08\/Coq_coucou_de_Rennes-2-scaled-e1597327041412.jpg?fit=1200%2C1143&ssl=1&resize=700%2C400 2x, https:\/\/i0.wp.com\/jardindeplumes.fr\/wp\/wp-content\/uploads\/2020\/08\/Coq_coucou_de_Rennes-2-scaled-e1597327041412.jpg?fit=1200%2C1143&ssl=1&resize=1050%2C600 3x"},"classes":[]},{"id":7103,"url":"https:\/\/jardindeplumes.fr\/wp\/produit\/poule-de-race-gasconne-prete-a-pondre-2\/","url_meta":{"origin":8,"position":4},"title":"Poule de race Gasconne (pr\u00eate \u00e0 pondre)","author":"Olivier","date":"2 d\u00e9cembre 2020","format":false,"excerpt":"\u00c9levage en semi libert\u00e9. Les animaux sont dehors toute l'ann\u00e9e. La race est rustique et autonome. Elle convient mieux pour un \u00e9levage en semi libert\u00e9, car elle se perche pour dormir et vole plut\u00f4t bien. Elle compl\u00e9mente son alimentation en grattant le sol activement \u00e0 la recherche d'insectes, ver de\u2026","rel":"","context":"Article similaire","block_context":{"text":"Article similaire","link":""},"img":{"alt_text":"","src":"https:\/\/i0.wp.com\/jardindeplumes.fr\/wp\/wp-content\/uploads\/2017\/09\/IMG_20170810_201724585_HDR-e1505488664570.jpg?fit=743%2C1200&ssl=1&resize=350%2C200","width":350,"height":200,"srcset":"https:\/\/i0.wp.com\/jardindeplumes.fr\/wp\/wp-content\/uploads\/2017\/09\/IMG_20170810_201724585_HDR-e1505488664570.jpg?fit=743%2C1200&ssl=1&resize=350%2C200 1x, https:\/\/i0.wp.com\/jardindeplumes.fr\/wp\/wp-content\/uploads\/2017\/09\/IMG_20170810_201724585_HDR-e1505488664570.jpg?fit=743%2C1200&ssl=1&resize=525%2C300 1.5x, https:\/\/i0.wp.com\/jardindeplumes.fr\/wp\/wp-content\/uploads\/2017\/09\/IMG_20170810_201724585_HDR-e1505488664570.jpg?fit=743%2C1200&ssl=1&resize=700%2C400 2x"},"classes":[]},{"id":5484,"url":"https:\/\/jardindeplumes.fr\/wp\/produit\/poussins-de-race-gasconne\/","url_meta":{"origin":8,"position":5},"title":"Poussins de race gasconne (1 sem.)","author":"Olivier","date":"28 f\u00e9vrier 2020","format":false,"excerpt":"\u00c9levage en semi libert\u00e9. Les animaux sont dehors toute l'ann\u00e9e. La race est rustique et autonome. Elle sait rechercher sa nourriture en compl\u00e9ment des c\u00e9r\u00e9ales apport\u00e9es. Bonne couveuse et bonne m\u00e8re. Les poulettes vendues sont dites \"pr\u00eate \u00e0 pondre\" car elles ont entre 5 et 7 mois. Certaines peuvent d\u00e9j\u00e0\u2026","rel":"","context":"Article similaire","block_context":{"text":"Article similaire","link":""},"img":{"alt_text":"","src":"https:\/\/i0.wp.com\/jardindeplumes.fr\/wp\/wp-content\/uploads\/2018\/12\/IMG_20181218_122832419_v1.jpg?fit=967%2C879&ssl=1&resize=350%2C200","width":350,"height":200,"srcset":"https:\/\/i0.wp.com\/jardindeplumes.fr\/wp\/wp-content\/uploads\/2018\/12\/IMG_20181218_122832419_v1.jpg?fit=967%2C879&ssl=1&resize=350%2C200 1x, https:\/\/i0.wp.com\/jardindeplumes.fr\/wp\/wp-content\/uploads\/2018\/12\/IMG_20181218_122832419_v1.jpg?fit=967%2C879&ssl=1&resize=525%2C300 1.5x, https:\/\/i0.wp.com\/jardindeplumes.fr\/wp\/wp-content\/uploads\/2018\/12\/IMG_20181218_122832419_v1.jpg?fit=967%2C879&ssl=1&resize=700%2C400 2x"},"classes":[]}],"_links":{"self":[{"href":"https:\/\/jardindeplumes.fr\/wp\/wp-json\/wp\/v2\/product\/8","targetHints":{"allow":["GET"]}}],"collection":[{"href":"https:\/\/jardindeplumes.fr\/wp\/wp-json\/wp\/v2\/product"}],"about":[{"href":"https:\/\/jardindeplumes.fr\/wp\/wp-json\/wp\/v2\/types\/product"}],"wp:featuredmedia":[{"embeddable":true,"href":"https:\/\/jardindeplumes.fr\/wp\/wp-json\/wp\/v2\/media\/9"}],"wp:attachment":[{"href":"https:\/\/jardindeplumes.fr\/wp\/wp-json\/wp\/v2\/media?parent=8"}],"wp:term":[{"taxonomy":"product_brand","embeddable":true,"href":"https:\/\/jardindeplumes.fr\/wp\/wp-json\/wp\/v2\/product_brand?post=8"},{"taxonomy":"product_cat","embeddable":true,"href":"https:\/\/jardindeplumes.fr\/wp\/wp-json\/wp\/v2\/product_cat?post=8"},{"taxonomy":"product_tag","embeddable":true,"href":"https:\/\/jardindeplumes.fr\/wp\/wp-json\/wp\/v2\/product_tag?post=8"}],"curies":[{"name":"wp","href":"https:\/\/api.w.org\/{rel}","templated":true}]}}

<p>Poulets de race gasconne, vous goutterez <b>la vraie poule au pot d&#8217;Henry IV</b> qui est un petit poulet (entre 1kg et 1,5kg) de chair rosée/brune qui selon ma grand mère est &#8220;savoureuse et goûteuse&#8221;.</p>
<p>Prévoyez une cuisson un peu plus longue car la course à pied raffermi les muscles des cuisses 😉<br />
Environ 15 min de plus au four et 5-10 min de plus en autocuiseur.</p>
<p>Race ancienne à croissance lente : <strong>5-6 mois contre 3 mois pour du poulet label rouge</strong>.<br />
Elevage en <strong>plein air intégral</strong> et toute l&#8217;année (ils ont quand une cabane pour s&#8217;abriter !)<br />
Alimentation : herbe, céréales sans OGM et pain rassi</p>

<p>La vraie poule au pot d&#8217;Henry IV, élevé 5-6 mois en plein air intégral</p>

La vraie poule au pot d'Henry IV, élevé en plein air intégral

Poule de race Coucou de Rennes (prête à pondre)

Élevage en semi liberté. Les animaux sont dehors toute l'année. La race est rustique et plus lourde que la Gasconne. Elle convient mieux pour un élevage en poulailler classique clôturé. Les poulettes vendues sont dites "prête à pondre" car elles ont entre 5 et 7 mois. Certaines peuvent déjà pondre,…

Poule de race Gasconne (prête à pondre)

2 décembre 2020

Élevage en semi liberté. Les animaux sont dehors toute l'année. La race est rustique et autonome. Elle convient mieux pour un élevage en semi liberté, car elle se perche pour dormir et vole plutôt bien. Elle complémente son alimentation en grattant le sol activement à la recherche d'insectes, ver de…

28 février 2020

Élevage en semi liberté. Les animaux sont dehors toute l'année. La race est rustique et autonome. Elle sait rechercher sa nourriture en complément des céréales apportées. Bonne couveuse et bonne mère. Les poulettes vendues sont dites "prête à pondre" car elles ont entre 5 et 7 mois. Certaines peuvent déjà…
